6
-2
What is -12 (base 5) in base 3?
-21
What is -16 (base 7) in base 4?
-31
0 (base 11) to base 15
0
6b (base 12) to base 8
123
9 (base 16) to base 3
100
Convert 101 (base 2) to base 8.
5
43 (base 13) to base 11
50
Convert -1 (base 13) to base 4.
-1
What is -445 (base 7) in base 16?
-e5
-213 (base 6) to base 9
-100
What is -2 (base 8) in base 16?
-2
What is 2 (base 15) in base 14?
2
Convert 2 (base 16) to base 15.
2
-33 (base 16) to base 15
-36
What is 1 (base 9) in base 6?
1
Convert 9 (base 14) to base 4.
21
Convert 441 (base 8) to base 15.
144
Convert -100 (base 2) to base 12.
-4
Convert 12 (base 9) to base 5.
21
What is -2 (base 3) in base 2?
-10
-143 (base 6) to base 8
-77
Convert -1323 (base 4) to base 8.
-173
Convert 108 (base 14) to base 16.
cc
Convert -1031 (base 4) to base 10.
-77
7 (base 15) to base 6
11
Convert 2 (base 5) to base 12.
2
What is 3a (base 14) in base 6?
124
-16 (base 8) to base 9
-15
102 (base 4) to base 6
30
-2 (base 11) to base 2
-10
What is 70 (base 9) in base 13?
4b
Convert -2 (base 4) to base 12.
-2
-1110 (base 2) to base 14
-10
Convert -37 (base 9) to base 6.
-54
What is 313 (base 10) in base 6?
1241
18 (base 11) to base 9
21
Convert 1 (base 11) to base 3.
1
10010 (base 2) to base 13
15
245 (base 7) to base 2
10000011
1 (base 8) to base 15
1
131 (base 7) to base 9
78
126 (base 9) to base 5
410
15 (base 11) to base 6
24
What is -5 (base 15) in base 13?
-5
Convert 23 (base 10) to base 4.
113
Convert 82 (base 11) to base 7.
156
-1101 (base 3) to base 13
-2b
What is 201 (base 3) in base 7?
25
-130 (base 7) to base 3
-2121
What is -12 (base 14) in base 7?
-22
What is 244 (base 5) in base 16?
4a
What is -3 (base 14) in base 2?
-11
22 (base 14) to base 12
26
Convert c (base 14) to base 3.
110
What is -153 (base 13) in base 3?
-22210
Convert 0 (base 9) to base 15.
0
-4 (base 16) to base 7
-4
What is 5 (base 9) in base 13?
5
What is -50 (base 10) in base 3?
-1212
What is 12 (base 9) in base 2?
1011
What is -1 (base 9) in base 5?
-1
What is 12 (base 8) in base 9?
11
-31 (base 7) to base 3
-211
0 (base 6) to base 13
0
What is -340 (base 6) in base 15?
-8c
3b (base 13) to base 3
1212
111000 (base 2) to base 11
51
What is 3 (base 11) in base 14?
3
1 (base 11) to base 15
1
Convert -b2 (base 15) to base 6.
-435
Convert -11220 (base 3) to base 7.
-246
-8 (base 10) to base 5
-13
Convert -6 (base 14) to base 8.
-6
What is -10010001 (base 2) in base 12?
-101
Convert 5a (base 11) to base 7.
122
Convert -20 (base 5) to base 3.
-101
Convert -6 (base 11) to base 4.
-12
What is 74 (base 8) in base 16?
3c
-1010 (base 2) to base 13
-a
What is 0 (base 3) in base 7?
0
What is -1 (base 5) in base 4?
-1
Convert -1 (base 10) to base 4.
-1
Convert -2021 (base 3) to base 15.
-41
Convert -4 (base 9) to base 10.
-4
What is -32 (base 8) in base 11?
-24
What is 1 (base 14) in base 13?
1
Convert 12 (base 4) to base 8.
6
What is -4 (base 8) in base 9?
-4
What is -1 (base 12) in base 3?
-1
1 (base 14) to base 10
1
Convert -12 (base 4) to base 11.
-6
-230 (base 13) to base 10
-377
What is d9 (base 16) in base 8?
331
141 (base 8) to base 3
10121
-e (base 15) to base 2
-1110
Convert 1200 (base 3) to base 7.
63
-1c (base 14) to base 15
-1b
What is -8 (base 16) in base 6?
-12
Convert 8 (base 13) to base 4.
20
What is 2b (base 15) in base 14?
2d
-1 (base 3) to base 14
-1
25 (base 12) to base 13
23
1011010 (base 2) to base 11
82
Convert -45 (base 11) to base 3.
-1211
Convert 1000 (base 5) to base 16.
7d
What is 1001 (base 3) in base 13?
22
111 (base 3) to base 5
23
-550 (base 6) to base 14
-110
Convert 14 (base 6) to base 15.
a
412 (base 7) to base 16
cd
-4 (base 14) to base 10
-4
Convert -2 (base 8) to base 5.
-2
43 (base 14) to base 15
3e
What is -212 (base 3) in base 7?
-32
10 (base 4) to base 7
4
What is 1 (base 2) in base 4?
1
-130 (base 5) to base 14
-2c
Convert 44 (base 12) to base 7.
103
-6d (base 14) to base 11
-89
Convert 52 (base 15) to base 4.
1031
What is -1 (base 15) in base 16?
-1
-15 (base 16) to base 6
-33
What is -3c (base 15) in base 2?
-111001
What is -135 (base 6) in base 5?
-214
-167 (base 13) to base 12
-192
What is 3103 (base 4) in base 11?
182
Convert 1010111 (base 2) to base 10.
87
10 (base 2) to base 6
2
Convert 1211 (base 3) to base 12.
41
What is 198 (base 10) in base 6?
530
What is -10 (base 3) in base 4?
-3
7 (base 9) to base 5
12
What is -102 (base 9) in base 8?
-123
Convert -16 (base 12) to base 3.
-200
Convert -1 (base 3) to base 13.
-1
Convert -103 (base 5) to base 8.
-34
-35 (base 6) to base 7
-32
-42 (base 5) to base 3
-211
What is -3 (base 6) in base 15?
-3
What is 51 (base 16) in base 8?
121
What is -10 (base 4) in base 2?
-100
73 (base 13) to base 15
64
a2 (base 11) to base 4
1300
What is -1 (base 13) in base 9?
-1
What is -5 (base 8) in base 12?
-5
Convert 0 (base 13) to base 2.
0
-315 (base 7) to base 14
-b5
5 (base 16) to base 9
5
-1332 (base 6) to base 7
-1001
-14 (base 9) to base 7
-16
What is 113 (base 16) in base 11?
230
What is 250 (base 6) in base 15?
6c
-6 (base 12) to base 4
-12
3 (base 4) to base 2
11
Convert 13 (base 6) to base 2.
1001
Convert -4 (base 9) to base 14.
-4
11 (base 2) to base 9
3
5 (base 11) to base 12
5
Convert -25 (base 11) to base 16.
-1b
1001011 (base 2) to base 6
203
-54 (base 10) to base 14
-3c
What is 2 (base 16) in base 6?
2
What is 243 (base 5) in base 16?
49
What is 65 (base 9) in base 13?
47
What is 5 (base 9) in base 10?
5
Convert -6 (base 9) to base 6.
-10
What is 21 (base 15) in base 10?
31
What is -1111 (base 2) in base 5?
-30
What is 1111 (base 4) in base 12?
71
-10 (base 2) to base 5
-2
Convert -122 (base 12) to base 15.
-b5
What is -b (base 13) in base 2?
-1011
Convert 37 (base 14) to base 5.
144
2 (base 4) to base 7
2
What is 12 (base 3) in base 6?
5
-14 (base 9) to base 3
-111
What is 8 (base 10) in base 12?
8
Convert -16 (base 7) to base 5.
-23
Convert 101010 (base 2) to base 13.
33
-6 (base 11) to base 16
-6
-3 (base 15) to base 16
-3
Convert -11000 (base 2) to base 14.
-1a
What is 9 (base 11) in base 6?
13
Convert 23 (base 14) to base 16.
1f
2 (base 6) to base 13
2
Convert -10 (base 2) to base 10.
-2
Convert -3 (base 6) to base 8.
-3
-59 (base 13) to base 9
-82
What is -51 (base 13) in base 11?
-60
What is 1 (base 15) in base 6?
1
Convert 0 (base 6) to base 9.
0
What is 3 (base 4) in base 10?
3
-22 (base 4) to base 13
-a
Convert c3 (base 15) to base 5.
1213
10 (base 4) to base 11
4
What is -16 (base 9) in base 8?
-17
Convert -1145 (base 7) to base 13.
-269
What is 99 (base 13) in base 9?
150
What is 1315 (base 6) in base 11?
285
Convert -6 (base 9) to base 3.
-20
Convert -1000100 (base 2) to base 8.
-104
What is 1 (base 11) in base 2?
1
-f6 (base 16) to base 10
-246
8 (base 12) to base 14
8
Convert -20 (base 9) to base 4.
-102
Convert -3 (base 12) to base 3.
-10
Convert -3 (base 13) to base 9.
-3
Convert 101 (base 2) to base 3.
12
-153 (base 7) to base 2
-1010111
What is -101 (base 3) in base 11?
-a
Convert 1100011 (base 2) to base 9.
120
Convert 3a (base 16) to base 5.
213
What is -d9 (base 14) in base 2?
-10111111
What is -11 (base 3) in base 11?
-4
1220 (base 3) to base 14
39
Convert 145 (base 12) to base 13.
122
What is 21 (base 3) in base 5?
12
What is 2 (base 4) in base 15?
2
What is 4 (base 5) in base 10?
4
What is 6d (base 14) in base 3?
10121
-84 (base 13) to base 12
-90
Convert -120 (base 3) to base 15.
-10
-10f (base 16) to base 15
-131
What is -24 (base 8) in base 16?
-14
What is -120 (base 3) in base 10?
-15
Convert -1101 (base 3) to base 13.
-2b
Convert 1 (base 11) to base 12.
1
-26 (base 16) to base 5
-123
Convert 1 (base 6) to base 4.
1
Convert -47 (base 16) to base 14.
-51
Convert -32 (base 4) to base 13.
-11
What is 7a (base 12) in base 11?
86
Convert a2 (base 15) to base 12.
108
What is -21 (base 15) in base 6?
-51
Convert -44 (base 14) to base 16.
-3c
-1 (base 7) to base 6
-1
What is 185 (base 14) in base 16?
139
Convert 32 (base 11) to base 5.
120
What is -49 (base 16) in base 14?
-53
Convert 5 (base 14) to base 2.
101
Convert -63 (base 13) to base 15.
-56
What is 3 (base 6) in base 11?
3
Convert 43 (base 14) to base 16.
3b
What is 1 (base 5) in base 8?
1
What is -11 (base 8) in base 6?
-13
What is 12 (base 3) in base 10?
5
Convert 1430 (base 5